{"id":10221,"date":"2024-10-08T14:38:16","date_gmt":"2024-10-08T12:38:16","guid":{"rendered":"https:\/\/highbudi.com\/?post_type=product&#038;p=10221"},"modified":"2024-10-08T14:39:24","modified_gmt":"2024-10-08T12:39:24","slug":"cbd-pre-roll-blueberry-budah-bud","status":"publish","type":"product","link":"https:\/\/highbudi.com\/index.php\/product\/cbd-pre-roll-blueberry-budah-bud\/","title":{"rendered":"CBD Pre-Roll Blueberry Budah Bud"},"content":{"rendered":"<h4>Cigarette pr\u00e9 roul\u00e9 con\u00e7ue \u00e0 partir de fleurs de CBD de qualit\u00e9 sup\u00e9rieure<\/h4>\n","protected":false},"excerpt":{"rendered":"<h2>CBD 13% &#8211; Production indoor Suisse<\/h2>\n<p>&lt;0,3% THC<\/p>\n<h3><a href=\"https:\/\/42cbd.com\/index.php\/le-cbd-budah-bud\/\" target=\"_blank\" rel=\"noopener\">Fleur de CBD Budah Bud<\/a><\/h3>\n<h3>Qualit\u00e9 Premium<\/h3>\n<h4>Cigarette pr\u00e9 roul\u00e9 con\u00e7ue \u00e0 partir de fleurs cultiv\u00e9es en \u00ab\u00a0indoor\u00a0\u00bb*<\/h4>\n<p><a href=\"https:\/\/42cbd.com\/index.php\/cbd-cultive-en-indoor-pour-une-qualite-optimale\/\" target=\"_blank\" rel=\"noopener\"><strong>*Indoor<\/strong><\/a>: production en int\u00e9rieur<\/p>\n<p>&nbsp;<\/p>\n","protected":false},"featured_media":10262,"comment_status":"open","ping_status":"closed","template":"","meta":[],"product_cat":[78],"product_tag":[],"aioseo_notices":[],"_links":{"self":[{"href":"https:\/\/highbudi.com\/index.php\/wp-json\/wp\/v2\/product\/10221"}],"collection":[{"href":"https:\/\/highbudi.com\/index.php\/wp-json\/wp\/v2\/product"}],"about":[{"href":"https:\/\/highbudi.com\/index.php\/wp-json\/wp\/v2\/types\/product"}],"replies":[{"embeddable":true,"href":"https:\/\/highbudi.com\/index.php\/wp-json\/wp\/v2\/comments?post=10221"}],"wp:featuredmedia":[{"embeddable":true,"href":"https:\/\/highbudi.com\/index.php\/wp-json\/wp\/v2\/media\/10262"}],"wp:attachment":[{"href":"https:\/\/highbudi.com\/index.php\/wp-json\/wp\/v2\/media?parent=10221"}],"wp:term":[{"taxonomy":"product_cat","embeddable":true,"href":"https:\/\/highbudi.com\/index.php\/wp-json\/wp\/v2\/product_cat?post=10221"},{"taxonomy":"product_tag","embeddable":true,"href":"https:\/\/highbudi.com\/index.php\/wp-json\/wp\/v2\/product_tag?post=10221"}],"curies":[{"name":"wp","href":"https:\/\/api.w.org\/{rel}","templated":true}]}}