{"id":9977,"date":"2024-01-16T02:06:09","date_gmt":"2024-01-16T01:06:09","guid":{"rendered":"https:\/\/highbudi.com\/?page_id=9977"},"modified":"2024-10-08T13:58:58","modified_gmt":"2024-10-08T11:58:58","slug":"fleurs-de-cbd-high-budi","status":"publish","type":"page","link":"https:\/\/highbudi.com\/index.php\/fleurs-de-cbd-high-budi\/","title":{"rendered":"Fleurs de CBD High Budi (OLD)"},"content":{"rendered":"\n<h2 class=\"wp-block-heading\">Fleurs de CBD Indoor<\/h2>\n\n\n\n<p>Les <strong>fleurs de CBD Indoor <\/strong>sont cultiv\u00e9es en int\u00e9rieur et garantissent une qualit\u00e9 optimale. Vous pouvez commander vos fleurs de CBD High Budi sur <a href=\"https:\/\/42cbd.com\/index.php\/cbd-premium\/#fleur-cbd-indoor-high-budi\">42cbd.com<\/a><\/p>\n\n\n\n<div style=\"height:23px\" aria-hidden=\"true\" class=\"wp-block-spacer\"><\/div>\n\n\n\n<div class=\"wp-block-buttons is-content-justification-center is-layout-flex wp-container-1\">\n<div class=\"wp-block-button\"><a class=\"wp-block-button__link has-background has-text-align-center wp-element-button\" href=\"https:\/\/42cbd.com\/index.php\/cbd-premium\/#fleur-cbd-indoor-high-budi\" style=\"background-color:#466021\">Commandez vos fleurs sur 42cbd.com<\/a><\/div>\n<\/div>\n\n\n\n<div style=\"height:42px\" aria-hidden=\"true\" class=\"wp-block-spacer\"><\/div>\n\n\n\n<div class=\"wp-block-columns is-layout-flex wp-container-6\">\n<div class=\"wp-block-column is-layout-flow\">\n<figure class=\"wp-block-image size-full\"><img decoding=\"async\" loading=\"lazy\" width=\"1000\" height=\"1000\" src=\"https:\/\/highbudi.com\/wp-content\/uploads\/2024\/01\/Harlequin-cbd-fleur-bio-indoor.jpg\" alt=\"\" class=\"wp-image-9979\" srcset=\"https:\/\/highbudi.com\/wp-content\/uploads\/2024\/01\/Harlequin-cbd-fleur-bio-indoor.jpg 1000w, https:\/\/highbudi.com\/wp-content\/uploads\/2024\/01\/Harlequin-cbd-fleur-bio-indoor-300x300.jpg 300w, https:\/\/highbudi.com\/wp-content\/uploads\/2024\/01\/Harlequin-cbd-fleur-bio-indoor-150x150.jpg 150w, https:\/\/highbudi.com\/wp-content\/uploads\/2024\/01\/Harlequin-cbd-fleur-bio-indoor-768x768.jpg 768w, https:\/\/highbudi.com\/wp-content\/uploads\/2024\/01\/Harlequin-cbd-fleur-bio-indoor-600x600.jpg 600w\" sizes=\"(max-width: 1000px) 100vw, 1000px\" \/><\/figure>\n\n\n\n<p class=\"has-text-align-center\"><strong>Harlequin<\/strong><\/p>\n\n\n\n<p class=\"has-text-align-center\">Production Suisse<\/p>\n<\/div>\n\n\n\n<div class=\"wp-block-column is-layout-flow\">\n<figure class=\"wp-block-image size-full\"><img decoding=\"async\" loading=\"lazy\" width=\"1000\" height=\"1000\" src=\"https:\/\/highbudi.com\/wp-content\/uploads\/2024\/01\/cannabis-cbd-variete-amnesia-cbd-boost-bio-indoor.jpg\" alt=\"\" class=\"wp-image-9986\" srcset=\"https:\/\/highbudi.com\/wp-content\/uploads\/2024\/01\/cannabis-cbd-variete-amnesia-cbd-boost-bio-indoor.jpg 1000w, https:\/\/highbudi.com\/wp-content\/uploads\/2024\/01\/cannabis-cbd-variete-amnesia-cbd-boost-bio-indoor-300x300.jpg 300w, https:\/\/highbudi.com\/wp-content\/uploads\/2024\/01\/cannabis-cbd-variete-amnesia-cbd-boost-bio-indoor-150x150.jpg 150w, https:\/\/highbudi.com\/wp-content\/uploads\/2024\/01\/cannabis-cbd-variete-amnesia-cbd-boost-bio-indoor-768x768.jpg 768w, https:\/\/highbudi.com\/wp-content\/uploads\/2024\/01\/cannabis-cbd-variete-amnesia-cbd-boost-bio-indoor-600x600.jpg 600w\" sizes=\"(max-width: 1000px) 100vw, 1000px\" \/><\/figure>\n\n\n\n<p class=\"has-text-align-center\"><strong>Amnesia Boost<\/strong><\/p>\n\n\n\n<p class=\"has-text-align-center\">Production Suisse<\/p>\n<\/div>\n\n\n\n<div class=\"wp-block-column is-layout-flow\">\n<figure class=\"wp-block-image size-full\"><img decoding=\"async\" loading=\"lazy\" width=\"1000\" height=\"1000\" src=\"https:\/\/highbudi.com\/wp-content\/uploads\/2024\/01\/cbd-jack-herer-flower-indoor-bio.jpg\" alt=\"\" class=\"wp-image-9985\" srcset=\"https:\/\/highbudi.com\/wp-content\/uploads\/2024\/01\/cbd-jack-herer-flower-indoor-bio.jpg 1000w, https:\/\/highbudi.com\/wp-content\/uploads\/2024\/01\/cbd-jack-herer-flower-indoor-bio-300x300.jpg 300w, https:\/\/highbudi.com\/wp-content\/uploads\/2024\/01\/cbd-jack-herer-flower-indoor-bio-150x150.jpg 150w, https:\/\/highbudi.com\/wp-content\/uploads\/2024\/01\/cbd-jack-herer-flower-indoor-bio-768x768.jpg 768w, https:\/\/highbudi.com\/wp-content\/uploads\/2024\/01\/cbd-jack-herer-flower-indoor-bio-600x600.jpg 600w\" sizes=\"(max-width: 1000px) 100vw, 1000px\" \/><\/figure>\n\n\n\n<p class=\"has-text-align-center\"><strong>Jack Herrer<\/strong><\/p>\n\n\n\n<p class=\"has-text-align-center\">Production Suisse<\/p>\n<\/div>\n\n\n\n<div class=\"wp-block-column is-layout-flow\">\n<figure class=\"wp-block-image size-full\"><img decoding=\"async\" loading=\"lazy\" width=\"1000\" height=\"1000\" src=\"https:\/\/highbudi.com\/wp-content\/uploads\/2024\/01\/cookie-mint-cbd-bio-indoor.jpg\" alt=\"\" class=\"wp-image-9989\" srcset=\"https:\/\/highbudi.com\/wp-content\/uploads\/2024\/01\/cookie-mint-cbd-bio-indoor.jpg 1000w, https:\/\/highbudi.com\/wp-content\/uploads\/2024\/01\/cookie-mint-cbd-bio-indoor-300x300.jpg 300w, https:\/\/highbudi.com\/wp-content\/uploads\/2024\/01\/cookie-mint-cbd-bio-indoor-150x150.jpg 150w, https:\/\/highbudi.com\/wp-content\/uploads\/2024\/01\/cookie-mint-cbd-bio-indoor-768x768.jpg 768w, https:\/\/highbudi.com\/wp-content\/uploads\/2024\/01\/cookie-mint-cbd-bio-indoor-600x600.jpg 600w\" sizes=\"(max-width: 1000px) 100vw, 1000px\" \/><\/figure>\n\n\n\n<p class=\"has-text-align-center\"><strong>Cookie Mint<\/strong><\/p>\n\n\n\n<p class=\"has-text-align-center\">Production Suisse<\/p>\n<\/div>\n<\/div>\n\n\n\n<div style=\"height:42px\" aria-hidden=\"true\" class=\"wp-block-spacer\"><\/div>\n\n\n\n<h2 class=\"wp-block-heading has-text-align-center\"><a href=\"https:\/\/highbudi.com\/index.php\/le-cbd-et-les-neo-cannabinoides\/\">Les Fleurs de CBD High Budi contiennent des <em>n\u00e9o<\/em>&#8211;<em>cannabino\u00efdes<\/em> <\/a> <\/h2>\n\n\n\n<p>Les n\u00e9o cannabino\u00efdes, tels que le <strong>THCP<\/strong>, le <strong>THCP-O<\/strong>, le <strong>HHCP<\/strong>, le <strong>HHCP-O<\/strong> et le <strong>THC-JD<\/strong>, sont des d\u00e9couvertes r\u00e9centes qui suscitent un vif int\u00e9r\u00eat dans la communaut\u00e9 scientifique. Ces compos\u00e9s, similaires au <strong>THC <\/strong>mais avec des structures chimiques uniques, offrent un potentiel prometteur pour de nouvelles d\u00e9couvertes sur les effets du cannabis sur le corps humain. Des \u00e9tudes pr\u00e9liminaires sugg\u00e8rent que certains de ces <strong>n\u00e9o cannabino\u00efdes<\/strong> pourraient \u00eatre jusqu&rsquo;\u00e0 33 fois plus puissants que le <strong>THC<\/strong>, ouvrant ainsi la voie \u00e0 des possibilit\u00e9s passionnantes pour la recherche m\u00e9dicale et la production de produits \u00e0 base de <strong>cannabis<\/strong>. Alors que la science continue d&rsquo;explorer ces nouveaux compos\u00e9s, il est essentiel de rester attentif aux d\u00e9veloppements dans ce domaine en constante \u00e9volution.<\/p>\n","protected":false},"excerpt":{"rendered":"<p>Fleurs de CBD Indoor Les fleurs de CBD Indoor sont cultiv\u00e9es en int\u00e9rieur et garantissent une qualit\u00e9 optimale. Vous pouvez commander vos fleurs de CBD High Budi sur 42cbd.com Les Fleurs de CBD High Budi contiennent des n\u00e9o&#8211;cannabino\u00efdes Les n\u00e9o cannabino\u00efdes, tels que le THCP, le THCP-O, le HHCP, le HHCP-O et le THC-JD, sont [&hellip;]<\/p>\n","protected":false},"author":1,"featured_media":0,"parent":0,"menu_order":0,"comment_status":"closed","ping_status":"closed","template":"","meta":[],"aioseo_notices":[],"_links":{"self":[{"href":"https:\/\/highbudi.com\/index.php\/wp-json\/wp\/v2\/pages\/9977"}],"collection":[{"href":"https:\/\/highbudi.com\/index.php\/wp-json\/wp\/v2\/pages"}],"about":[{"href":"https:\/\/highbudi.com\/index.php\/wp-json\/wp\/v2\/types\/page"}],"author":[{"embeddable":true,"href":"https:\/\/highbudi.com\/index.php\/wp-json\/wp\/v2\/users\/1"}],"replies":[{"embeddable":true,"href":"https:\/\/highbudi.com\/index.php\/wp-json\/wp\/v2\/comments?post=9977"}],"version-history":[{"count":5,"href":"https:\/\/highbudi.com\/index.php\/wp-json\/wp\/v2\/pages\/9977\/revisions"}],"predecessor-version":[{"id":10205,"href":"https:\/\/highbudi.com\/index.php\/wp-json\/wp\/v2\/pages\/9977\/revisions\/10205"}],"wp:attachment":[{"href":"https:\/\/highbudi.com\/index.php\/wp-json\/wp\/v2\/media?parent=9977"}],"curies":[{"name":"wp","href":"https:\/\/api.w.org\/{rel}","templated":true}]}}